{"id":10,"date":"2010-11-09T20:18:53","date_gmt":"2010-11-09T19:18:53","guid":{"rendered":"http:\/\/89.160.6.212"},"modified":"2020-03-02T09:20:42","modified_gmt":"2020-03-02T08:20:42","slug":"vilka-ar-vi","status":"publish","type":"page","link":"https:\/\/hglas.com\/?page_id=10","title":{"rendered":"Vilka \u00e4r vi?"},"content":{"rendered":"<p>H\u00e5kanssons Glasm\u00e4steri AB etablerades 1912.<\/p>\n<p>Berglunds Glaslarm AB etablerades 1948<\/p>\n<p>Vi \u00e4r specialister p\u00e5 glasm\u00e4steri- och inramningsarbeten och \u00e4r auktoriserade enligt MTK-f\u00f6reskrifterna. Vi erbjuder v\u00e5ra kunder jourberedskap dygnet runt.<\/p>\n","protected":false},"excerpt":{"rendered":"<p>H\u00e5kanssons Glasm\u00e4steri AB etablerades 1912. Berglunds Glaslarm AB etablerades 1948 Vi \u00e4r specialister p\u00e5 glasm\u00e4steri- och inramningsarbeten och \u00e4r auktoriserade enligt MTK-f\u00f6reskrifterna. Vi erbjuder v\u00e5ra kunder jourberedskap dygnet runt.<\/p>\n","protected":false},"author":2,"featured_media":0,"parent":0,"menu_order":0,"comment_status":"closed","ping_status":"closed","template":"","meta":{"_uag_custom_page_level_css":"","footnotes":""},"class_list":["post-10","page","type-page","status-publish","hentry"],"uagb_featured_image_src":{"full":false,"thumbnail":false,"medium":false,"medium_large":false,"large":false,"1536x1536":false,"2048x2048":false,"coraline-image-template":false,"post-thumbnail":false},"uagb_author_info":{"display_name":"hglas","author_link":"https:\/\/hglas.com\/?author=2"},"uagb_comment_info":0,"uagb_excerpt":"H\u00e5kanssons Glasm\u00e4steri AB etablerades 1912. Berglunds Glaslarm AB etablerades 1948 Vi \u00e4r specialister p\u00e5 glasm\u00e4steri- och inramningsarbeten och \u00e4r auktoriserade enligt MTK-f\u00f6reskrifterna. Vi erbjuder v\u00e5ra kunder jourberedskap dygnet runt.","_links":{"self":[{"href":"https:\/\/hglas.com\/index.php?rest_route=\/wp\/v2\/pages\/10","targetHints":{"allow":["GET"]}}],"collection":[{"href":"https:\/\/hglas.com\/index.php?rest_route=\/wp\/v2\/pages"}],"about":[{"href":"https:\/\/hglas.com\/index.php?rest_route=\/wp\/v2\/types\/page"}],"author":[{"embeddable":true,"href":"https:\/\/hglas.com\/index.php?rest_route=\/wp\/v2\/users\/2"}],"replies":[{"embeddable":true,"href":"https:\/\/hglas.com\/index.php?rest_route=%2Fwp%2Fv2%2Fcomments&post=10"}],"version-history":[{"count":1,"href":"https:\/\/hglas.com\/index.php?rest_route=\/wp\/v2\/pages\/10\/revisions"}],"predecessor-version":[{"id":526,"href":"https:\/\/hglas.com\/index.php?rest_route=\/wp\/v2\/pages\/10\/revisions\/526"}],"wp:attachment":[{"href":"https:\/\/hglas.com\/index.php?rest_route=%2Fwp%2Fv2%2Fmedia&parent=10"}],"curies":[{"name":"wp","href":"https:\/\/api.w.org\/{rel}","templated":true}]}}