{"id":12,"date":"2010-11-09T20:21:03","date_gmt":"2010-11-09T19:21:03","guid":{"rendered":"http:\/\/89.160.6.212"},"modified":"2019-06-19T01:27:08","modified_gmt":"2019-06-19T00:27:08","slug":"miljo-och-kvalitet","status":"publish","type":"page","link":"https:\/\/hglas.com\/?page_id=12","title":{"rendered":"Milj\u00f6 och Kvalitet"},"content":{"rendered":"<p>Vi ska l\u00e5ta milj\u00f6- och kvalitetsarbetet vara en strategisk del i hela v\u00e5r verksamhet och vara ett aktivt verktyg i arbetet f\u00f6r att uppn\u00e5 f\u00f6rb\u00e4ttrade och effektivare processer, alltid med kunden och milj\u00f6n i centrum.<\/p>\n<p>Vi ska ta h\u00e4nsyn till milj\u00f6n d\u00e4r det \u00e4r tekniskt m\u00f6jligt och ekonomiskt rimligt.<br \/>\nVi ska anv\u00e4nda v\u00e5ra naturresurser med omsorg och str\u00e4va efter att uppn\u00e5 kretsloppsprincipens fyra systemvillkor. Dessa ger oss en grund f\u00f6r att arbeta med orsakerna till milj\u00f6problem och verka f\u00f6rebyggande.<\/p>\n<p>Vi ska f\u00f6ra en dialog med kunder, anst\u00e4llda, leverant\u00f6rer och andra intressenter om hur vi kan f\u00f6rb\u00e4ttra v\u00e5rt och intressenternas milj\u00f6- och kvalitetsarbete. Vi ska hela tiden utveckla och st\u00e4rka kompetensen och engagemanget hos v\u00e5ra anst\u00e4llda.<\/p>\n<p>V\u00e5r roll \u00e4r att st\u00e4ndigt arbeta f\u00f6r att bli b\u00e4ttre inom milj\u00f6 och kvalitet. Det inneb\u00e4r att vi ser myndigheternas och andra intressenters krav som v\u00e5r miniminiv\u00e5.<\/p>\n","protected":false},"excerpt":{"rendered":"<p>Vi ska l\u00e5ta milj\u00f6- och kvalitetsarbetet vara en strategisk del i hela v\u00e5r verksamhet och vara ett aktivt verktyg i arbetet f\u00f6r att uppn\u00e5 f\u00f6rb\u00e4ttrade och effektivare processer, alltid med kunden och milj\u00f6n i centrum. Vi ska ta h\u00e4nsyn till &hellip; <a href=\"https:\/\/hglas.com\/?page_id=12\">Continue reading <span class=\"meta-nav\">&rarr;<\/span><\/a><\/p>\n","protected":false},"author":2,"featured_media":0,"parent":0,"menu_order":0,"comment_status":"closed","ping_status":"closed","template":"","meta":{"footnotes":""},"class_list":["post-12","page","type-page","status-publish","hentry"],"_links":{"self":[{"href":"https:\/\/hglas.com\/index.php?rest_route=\/wp\/v2\/pages\/12","targetHints":{"allow":["GET"]}}],"collection":[{"href":"https:\/\/hglas.com\/index.php?rest_route=\/wp\/v2\/pages"}],"about":[{"href":"https:\/\/hglas.com\/index.php?rest_route=\/wp\/v2\/types\/page"}],"author":[{"embeddable":true,"href":"https:\/\/hglas.com\/index.php?rest_route=\/wp\/v2\/users\/2"}],"replies":[{"embeddable":true,"href":"https:\/\/hglas.com\/index.php?rest_route=%2Fwp%2Fv2%2Fcomments&post=12"}],"version-history":[{"count":1,"href":"https:\/\/hglas.com\/index.php?rest_route=\/wp\/v2\/pages\/12\/revisions"}],"predecessor-version":[{"id":456,"href":"https:\/\/hglas.com\/index.php?rest_route=\/wp\/v2\/pages\/12\/revisions\/456"}],"wp:attachment":[{"href":"https:\/\/hglas.com\/index.php?rest_route=%2Fwp%2Fv2%2Fmedia&parent=12"}],"curies":[{"name":"wp","href":"https:\/\/api.w.org\/{rel}","templated":true}]}}