{"id":208,"date":"2014-12-19T22:42:55","date_gmt":"2014-12-19T21:42:55","guid":{"rendered":"http:\/\/89.160.6.210\/hglas\/?page_id=208"},"modified":"2026-04-10T15:09:21","modified_gmt":"2026-04-10T13:09:21","slug":"valkommen","status":"publish","type":"page","link":"https:\/\/hglas.com\/","title":{"rendered":"V\u00e4lkommen till H\u00e5kanssons och  Berglunds glaslarm AB"},"content":{"rendered":"\n<p class=\"has-text-align-left\"><a href=\"https:\/\/hglas.com\/files\/2019\/06\/Sammanslagning.jpg\">V\u00e4lkommen till H\u00e5kanssons och Berglunds glaslarm AB<\/a>&nbsp;<\/p>\n\n\n<p style=\"text-align: left\"><a href=\"https:\/\/hglas.com\/files\/2012\/01\/Hglas100.pdf\" target=\"_blank\" rel=\"noopener noreferrer\"><img loading=\"lazy\" decoding=\"async\" class=\"size-full wp-image-103\" style=\"width: 359px;height: 108px\" src=\"https:\/\/hglas.com\/files\/2012\/01\/Hglas100Platta.png\" alt=\"H\u00e5kanssons Glas 100 \u00c5r!\" width=\"445\" height=\"161\" \/><\/a><br \/>Vi \u00e4r ett glasm\u00e4steri bel\u00e4get i centrala Sundbyberg p\u00e5 Esplanaden 15 och p\u00e5 Ulvsundav\u00e4gen 102 Bromma med 19 kunniga medarbetare.<\/p>\n<p><strong>H\u00e5kanssons Glas\u00a0 etablerat 1912.<\/strong><\/p>\n<p><strong>Berglunds Glaslarm\u00a0 etablerat 1948.<\/strong><\/p>\n<p>Eftersom vi \u00e4r\u00a0 milj\u00f6 och kvalitetmedvetna har vi certifierat oss i <br \/><a href=\"https:\/\/hglas.com\/files\/2019\/06\/ISO14001.pdf\" target=\"_blank\" rel=\"noopener noreferrer\"><span style=\"color: #3366ff\">ISO 14001<\/span><\/a> och <span style=\"color: #3366ff\">ISO 9001<\/span>. Ni kan l\u00e4sa mer om detta i v\u00e5r <a href=\"\/files\/2010\/11\/verksamhetspolicy.pdf\" target=\"_blank\" rel=\"noopener noreferrer\"><span style=\"color: #3366ff\">Verksamhetspolicy<\/span><\/a><span style=\"color: #3366ff\">.<\/span><\/p>\n<p style=\"text-align: left\">Bes\u00f6k g\u00e4rna v\u00e5r <strong>butik och <\/strong><a title=\"Ramverkstaden\" href=\"https:\/\/hglas.com\/?page_id=80\">ramverkstad <\/a>p\u00e5 Esplanaden 15, se karta till h\u00f6ger. I butiken har vi \u00e4ven ett <a title=\"Galleri\" href=\"https:\/\/hglas.com\/?page_id=93\">galleri<\/a> som \u00e4r fullt av konst till f\u00f6rs\u00e4ljning.<\/p>\n<p><strong>Glasm\u00e4steriavdelningen<\/strong> ligger p\u00e5 Ulvsundav\u00e4gen 102 Bromma men det g\u00e5r \u00e4ven att l\u00e4mna in glasm\u00e4steriarbeten i butiken p\u00e5 Esplanaden 15.<\/p>\n<p>V\u00e5r verksamhet innefattar allt inom glasm\u00e4steribranschen som t.ex: brandglasning, speglar, nyglasning och reparation av f\u00f6nster.<\/p>\n<p style=\"text-align: left\">Vi har alltid 12 st rullande servicebilar i Stockholmsomr\u00e5det.<\/p>\n<p><strong>\u00d6ppettider f\u00f6r butik och ramverkstad p\u00e5 Esplanaden 15:<\/strong><\/p>\n<p>Tisdag &#8211; Onsdag\u00a0 \u00a008:00 &#8211; 17.00<br \/>Torsdag\u00a0 08:00 &#8211; <strong><span style=\"color: #ff0000\"><span style=\"color: #000000\">18:30\u00a0 <\/span><\/span><\/strong>Fredag\u00a0 08:00 &#8211; 16:30\u00a0<\/p>\n<p>Lunchst\u00e4ngt 11.00 &#8211; 12.00<\/p>\n<p>L\u00f6rdag\u00a0 10:00 &#8211; 14:00\u00a0 G\u00e4ller oktober t.om April.<\/p>\n<p><strong>\u00d6ppettider f\u00f6r glasm\u00e4steriavdelningen p\u00e5 Ulvsundav\u00e4gen 102 Bromma:<\/strong><\/p>\n<p>M\u00e5n &#8211; Tors\u00a0\u00a0\u00a0\u00a0 07,00 &#8211; 16,30<br \/>Fre\u00a0\u00a0\u00a0\u00a0\u00a0\u00a0\u00a0\u00a0\u00a0\u00a0\u00a0\u00a0\u00a0\u00a0\u00a0\u00a0\u00a0 07,00 &#8211;<strong> 15,00<\/strong><\/p>\n<hr \/>\n<p><strong>Butik och ramverkstad p\u00e5 Esplanaden 15:\u00a0 Telefon 08-29 85 40<br \/><\/strong><\/p>\n<p><strong>Glasm\u00e4steri p\u00e5 Ulvsundav\u00e4gen 102 Bromma: Telefon 08-98 55 11, 08-28 14 11<\/strong><br \/><strong>Jourtelefon 08-98 55 11, 070-835 07 85<\/strong><\/p>\n<p><strong>Email:<\/strong> <a href=\"mailto:info@berglundsglas.nu\">info@berglundsglas.nu<\/a>\u00a0 <a href=\"mailto:epost@hglas.com\">epost@hglas.com<\/a><\/p>\n\n\n<div class=\"wp-block-uagb-image uagb-block-757ab343 wp-block-uagb-image--layout-default wp-block-uagb-image--effect-static wp-block-uagb-image--align-none\"><figure class=\"wp-block-uagb-image__figure\"><\/figure><\/div>\n\n\n\n<div class=\"wp-block-uagb-advanced-heading uagb-block-72d18ff1\"><h2 class=\"uagb-heading-text\">Your Attractive Heading<\/h2><\/div>\n\n\n\n<p><\/p>\n","protected":false},"excerpt":{"rendered":"<p>V\u00e4lkommen till H\u00e5kanssons och Berglunds glaslarm AB&nbsp; Vi \u00e4r ett glasm\u00e4steri bel\u00e4get i centrala Sundbyberg p\u00e5 Esplanaden 15 och p\u00e5 Ulvsundav\u00e4gen 102 Bromma med 19 kunniga medarbetare. H\u00e5kanssons Glas\u00a0 etablerat 1912. Berglunds Glaslarm\u00a0 etablerat 1948. Eftersom vi \u00e4r\u00a0 milj\u00f6 och &hellip; <a href=\"https:\/\/hglas.com\/\">Continue reading <span class=\"meta-nav\">&rarr;<\/span><\/a><\/p>\n","protected":false},"author":1,"featured_media":103,"parent":0,"menu_order":0,"comment_status":"closed","ping_status":"closed","template":"","meta":{"_uag_custom_page_level_css":"","footnotes":""},"class_list":["post-208","page","type-page","status-publish","has-post-thumbnail","hentry"],"uagb_featured_image_src":{"full":["https:\/\/hglas.com\/files\/2012\/01\/Hglas100Platta.png",445,158,false],"thumbnail":["https:\/\/hglas.com\/files\/2012\/01\/Hglas100Platta-150x150.png",150,150,true],"medium":["https:\/\/hglas.com\/files\/2012\/01\/Hglas100Platta-300x106.png",300,106,true],"medium_large":["https:\/\/hglas.com\/files\/2012\/01\/Hglas100Platta.png",445,158,false],"large":["https:\/\/hglas.com\/files\/2012\/01\/Hglas100Platta.png",445,158,false],"1536x1536":["https:\/\/hglas.com\/files\/2012\/01\/Hglas100Platta.png",445,158,false],"2048x2048":["https:\/\/hglas.com\/files\/2012\/01\/Hglas100Platta.png",445,158,false],"coraline-image-template":["https:\/\/hglas.com\/files\/2012\/01\/Hglas100Platta.png",445,158,false],"post-thumbnail":["https:\/\/hglas.com\/files\/2012\/01\/Hglas100Platta.png",445,158,false]},"uagb_author_info":{"display_name":"Claes Str\u00f6m","author_link":"https:\/\/hglas.com\/?author=1"},"uagb_comment_info":0,"uagb_excerpt":"V\u00e4lkommen till H\u00e5kanssons och Berglunds glaslarm AB&nbsp; Vi \u00e4r ett glasm\u00e4steri bel\u00e4get i centrala Sundbyberg p\u00e5 Esplanaden 15 och p\u00e5 Ulvsundav\u00e4gen 102 Bromma med 19 kunniga medarbetare. H\u00e5kanssons Glas\u00a0 etablerat 1912. Berglunds Glaslarm\u00a0 etablerat 1948. Eftersom vi \u00e4r\u00a0 milj\u00f6 och &hellip; Continue reading &rarr;","_links":{"self":[{"href":"https:\/\/hglas.com\/index.php?rest_route=\/wp\/v2\/pages\/208","targetHints":{"allow":["GET"]}}],"collection":[{"href":"https:\/\/hglas.com\/index.php?rest_route=\/wp\/v2\/pages"}],"about":[{"href":"https:\/\/hglas.com\/index.php?rest_route=\/wp\/v2\/types\/page"}],"author":[{"embeddable":true,"href":"https:\/\/hglas.com\/index.php?rest_route=\/wp\/v2\/users\/1"}],"replies":[{"embeddable":true,"href":"https:\/\/hglas.com\/index.php?rest_route=%2Fwp%2Fv2%2Fcomments&post=208"}],"version-history":[{"count":306,"href":"https:\/\/hglas.com\/index.php?rest_route=\/wp\/v2\/pages\/208\/revisions"}],"predecessor-version":[{"id":842,"href":"https:\/\/hglas.com\/index.php?rest_route=\/wp\/v2\/pages\/208\/revisions\/842"}],"wp:featuredmedia":[{"embeddable":true,"href":"https:\/\/hglas.com\/index.php?rest_route=\/wp\/v2\/media\/103"}],"wp:attachment":[{"href":"https:\/\/hglas.com\/index.php?rest_route=%2Fwp%2Fv2%2Fmedia&parent=208"}],"curies":[{"name":"wp","href":"https:\/\/api.w.org\/{rel}","templated":true}]}}